7) + n/(-21). Suppose 15 = y*v - 410. What is the greatest common factor of v and 34?
17
Suppose 5*u + 118 = y + 373, 175 = 3*u - 5*y. Calculate the highest common divisor of 10 and u.
10
Let s be (1 + -5)/(2 - 12/5). Suppose -5*a + 3*j + 25 = -2, -4*a = -2*j - 22. Let z = -2 + a. What is the greatest common factor of s and z?
2
Let c be 8 + (2 - 3) + 4. What is the highest common divisor of 88 and c?
11
Let w(y) = 14*y - 6. Let q be (-4 - -7)/((-6)/(-26)). Let n be w(q). What is the greatest common factor of n and 16?
16
Suppose 4*b - 82 = 2*l, 4*b - 10*l - 52 = -14*l. What is the greatest common factor of b and 18?
18
Suppose 2*r - 3*r = 0. Suppose 3*k + 4*f - 4 - 39 = r, -4 = k + 5*f. Suppose -10 = -h - g, h - 2*g + 2 - 3 = 0. Calculate the greatest common factor of k and h.
7
Suppose -190 = -5*r + 5*q, 0*r + 3*r + 5*q - 90 = 0. What is the greatest common divisor of 42 and r?
7
Let u be (-3 - -18)*4/(-6). Let f = 14 + u. Suppose -f*p + 35 - 247 = -5*a, 2*p + 86 = 2*a. What is the highest common factor of 8 and a?
8
Let q = -9 + 39. Let p = q - 21. What is the greatest common divisor of 27 and p?
9
Let k = -3 - 3. Let f be (5 + 1)*k/(-4). Let x(i) = i**2 - 3*i - 10. Let m be x(7). What is the highest common factor of f and m?
9
Let c(v) = 2*v**2 - 8*v + 2. Let m be c(4). Suppose -10 = 2*r, m*k - 4*k - 3*r = 11. Let g = 9 + -5. What is the greatest common factor of k and g?
2
Let o(q) = q**3 + 15*q**2 - q - 9. Let h be o(-15). Calculate the greatest common factor of 66 and h.
6
Suppose -2*l + 81 + 43 = d, 4*d - 517 = -l. What is the greatest common factor of d and 26?
26
Let c(z) = 10*z**2 + 2*z - 1. Let t be c(3). Suppose 3*r = -2*j + 6 + t, 4*r - 3*j - 146 = 0. What is the greatest common divisor of r and 5?
5
Suppose 12 = -q - 5*n + 39, 27 = 2*q + n. Let m = 29 + -164. Let u be -3 + (0/(-1) - m). What is the highest common divisor of u and q?
12
Let d = -6 - -16. Suppose 3*f - 6 - 3 = 0. Suppose -f*o + 79 = 2*q, 4*o + 2*q = -q + 106. Calculate the greatest common divisor of o and d.
5
Let v = -69 - -133. Calculate the highest common factor of 16 and v.
16
Let h = -4 - -64. Calculate the greatest common factor of 20 and h.
20
Let v = -7 - -8. Let p be (v/(-2))/((-1)/88). Suppose -p = -2*n - 4*w - 0, -5*n - 5*w + 130 = 0. What is the greatest common divisor of 45 and n?
15
Let i be 63/14*78/9. Calculate the greatest common divisor of 13 and i.
13
Let b(i) = 45*i**3 - i**2 + 1. Let n be b(1). Suppose 2*p - 106 - 34 = 0. Let k be 1/(p/(-36) + 2). What is the greatest common divisor of k and n?
9
Suppose -54 = -x + 1. Let p = 126 - 43. Suppose -3*d = -7*d - 5*v + p, -3*d + 68 = -2*v. Calculate the highest common factor of x and d.
11
Let q(p) = 286*p**3 + p - 1. Let z be q(1). Calculate the highest common factor of z and 26.
26
Suppose -5*v + 0*v = 15. Suppose -47 = 4*y + 129. Let o be y/(-6) + 1/v. What is the greatest common divisor of 7 and o?
7
Let t(o) = o**3 - 6*o**2 + 2*o - 3. Let p be t(6). Let i(w) = 2*w - 2. Let c be i(6). Suppose -q = -35 - c. What is the greatest common factor of p and q?
9
Let o = -98 - -132. Calculate the highest common divisor of 17 and o.
17
Suppose 0 = 89*n - 90*n + 288. What is the highest common factor of 9 and n?
9
Let o(j) = 15*j - 15. Let l(g) = -38*g + 38. Let h(y) = -5*l(y) - 12*o(y). Let t be h(9). Suppose 3*r + 32 = 5*r. What is the highest common divisor of r and t?
16
Let o = 14 + -34. Let d be (-1392)/o + 6/15. What is the highest common factor of d and 10?
10
Suppose 5*y - 592 = -207. Suppose -4*s + 211 = -y. What is the greatest common divisor of s and 9?
9
Suppose 0 = c + 4*c + 105. Let b = -12 - c. What is the greatest common divisor of b and 9?
9
Let p(d) = d**2 + 2. Let q be p(-5). Let w = 11 - 12. Let c = w - -4. Calculate the greatest common factor of q and c.
3
Let m(o) = 4*o - 2. Let k be m(5). Suppose k = 5*y - 32. Let u = 6 + -2. What is the greatest common divisor of y and u?
2
Suppose -122 = -4*q + v, -q = 2*v + 10 - 36. What is the highest common divisor of 30 and q?
30
Suppose 7 - 23 = -4*h, h + 452 = 4*q. Calculate the highest common divisor of 38 and q.
38
Let j be 0 + 0 + (-1 - -3). Calculate the highest common divisor of j and 6.
2
Let x(r) be the second derivative of 17*r**3/3 - 3*r**2/2 - 2*r. Let n be x(3). Calculate the highest common factor of 11 and n.
11
Let m = -2 - -2. Suppose -3*q + 54 = 4*r, -2*r - 90 = -m*q - 5*q. Calculate the greatest common factor of q and 72.
18
Let u be 4 + (-1 + 0)*0. Let o(k) = -k**2. Let y be o(0). Suppose -9 = -4*j + 4*g - 25, 3*j - g + 2 = y. What is the greatest common factor of j and u?
1
Suppose -4*g = t + 16, 3*t = -2*g + 4 - 2. Suppose 6*m - 9*m = 6. Let o be (1 + 16)*(t + m). Calculate the highest common divisor of o and 51.
17
Suppose 0 = -15*n + 7*n + 240. What is the highest common divisor of 10 and n?
10
Suppose 3*u - 69 = 6*o - 5*o, o = 3. Let y = -4 + 16. Let j be (y/(-10))/((-4)/20). Calculate the greatest common divisor of j and u.
6
Suppose o = -0*s + s + 12, 21 = 2*o - 5*s. Let l be ((-3)/6 - -1)*38. Suppose 20 = 3*c - l. What is the highest common factor of c and o?
13
Let g = -108 + 157. Suppose 5*b = d + 3, 0*d - 3*d - g = 5*b. Let p = 19 + d. What is the greatest common divisor of p and 30?
6
Suppose -4*y - y = -5*i - 365, 5*i - 10 = 0. Calculate the highest common factor of y and 45.
15
Let g(r) = 8*r**2 + 8. Let n be g(5). Suppose 4*k - 26 = 3*k. Calculate the highest common factor of k and n.
26
Let l be (1 + (-21)/6)*-2. Suppose 43 = 3*t - l. What is the highest common factor of t and 8?
8
Suppose -3*o + 5*u + 216 + 99 = 0, 3*o - u = 315. Calculate the greatest common divisor of o and 42.
21
Let i = 20 + -14. Suppose 0*c + 5*c = -385. Let f = -35 - c. Calculate the highest common factor of i and f.
6
Let h = 36 + -1. Calculate the highest common factor of 7 and h.
7
Let a = -28 + 7. Let n = a + 41. What is the greatest common factor of 8 and n?
4
Suppose 5*p = 2*p - 9, -p - 327 = -4*a. What is the highest common divisor of 27 and a?
27
Let i(k) = 13*k - 1. Let b be i(2). What is the greatest common divisor of 5 and b?
5
Let q be (136/6)/((-4)/(-6)). Let o = q + -10. Calculate the greatest common divisor of o and 6.
6
Suppose 7*q = 10*q - 15. Suppose 0 = -3*r + 5*r - 40. Suppose -5*f - r + 220 = 0. What is the highest common divisor of q and f?
5
Suppose -j + 2*j = 4. Let d(k) = 3 + 2*k - 3*k + j. Let h be d(-6). What is the greatest common factor of 39 and h?
13
Let k be -1*(-20)/((-60)/(-25) - 2). Calculate the greatest common divisor of 125 and k.
25
Let m(o) = -o - 1. Let n be m(-4). Let q be ((-48)/(-20))/(n/30). Suppose 2*u + 8 = 3*u. What is the highest common divisor of q and u?
8
Let i = -17 + 32. Suppose -9*y = -6*y - 315. What is the greatest common factor of i and y?
15
Suppose -5*c - 60 = 5*j - 0*c, -4*j - 2*c = 38. Let n(g) = -5 + 0 - 2*g + 0. Let i be n(j). What is the highest common divisor of 99 and i?
9
Let d(v) be the second derivative of v**4/4 + 4*v**3/3 - 3*v**2/2 + 3*v. Let y be d(-6). What is the highest common factor of y and 19?
19
Let y be 51*4/12 + -4. Calculate the highest common factor of y and 1.
1
Let m = -22 - -24. What is the greatest common factor of m and 5?
1
Let l be (-36 - -2)*-1 - 0. Let f = -19 + l. What is the highest common factor of f and 5?
5
Let l be -2 + 3/1 + 8. Suppose u + 2*u = l. Calculate the greatest common factor of 15 and u.
3
Suppose 0 = 3*v - 4*v. Suppose 0 = -z - v*z + 6. What is the highest common factor of z and 30?
6
Let u(k) = k**3 + 5*k**2 - 8*k - 2. Let l be u(-6). Let m(h) = h**3 - 2*h**2 - h + 40. Let s be m(0). What is the greatest common factor of s and l?
10
Let s = 11 - 1. Suppose -2*g + 2 = -2. Let p be (-5)/((-2)/(2*g)). What is the greatest common factor of p and s?
10
Suppose -1207 = -4*o - 255. Suppose -g + d + 49 = 0, 5*g + 5*d - 3*d - o = 0. What is the highest common divisor of 16 and g?
16
Suppose 8 - 44 = 4*d. Let o = 45 - d. What is the highest common factor of 6 and o?
6
Let f(u) = -u**2 - 3*u + 3. Let b be f(-3). Suppose -12 = -t - 2*z + 16, -b*z = 3*t - 72. Calculate the highest common divisor of 10 and t.
10
Let n = -44 + 92. Suppose -n = -0*d - 4*d. Calculate the highest common factor of d and 18.
6
Suppose 0 = 3*f + 151 - 52. L